Let z = n + 160. What is the hundreds digit of z?
8
Suppose 0 = u - 6*u - 20, -39 = -t + 5*u. Suppose -401*d + 411*d = 360. Suppose -21*z = -t*z - d. What is the units digit of z?
8
Let c be (-619 - -6 - 0)*-2. Let w = -834 + c. What is the hundreds digit of w?
3
Let d = 152 + -12. Suppose -2*h = -d - 610. What is the units digit of h?
5
Suppose -21 + 1 = -5*t. Suppose -4*p = -4*a - 0*a + 272, -43 = -a - t*p. Suppose 5*m - a = 172. What is the units digit of m?
7
Let t be 2*(18/12 - 0/3). Suppose 2*w + 54 = -t*h + 8*h, -h = -2*w - 14. Suppose -h*b + 5*b = -185. What is the tens digit of b?
3
Let w(s) = -2*s + 6. Let m be w(4). Let o = -104 + 100. What is the tens digit of (-561)/o - m/(-8)?
4
Suppose 7*f - 14*f = 21. Let g(k) = 2*k**2 + 19*k - 12. Let z(v) = 2*v**2 + 19*v - 10. Let h(s) = f*z(s) + 4*g(s). What is the units digit of h(-17)?
7
Suppose 51*o = 57*o - 61668 - 141834. What is the thousands digit of o?
3
Let d be (63/(-1))/(3/(-24)). Let w = -307 + d. Let n = w + -113. What is the tens digit of n?
8
Suppose 650*t = 642*t. Suppose t*x - 3*c = -5*x + 5546, 0 = -4*x + 3*c + 4435. What is the hundreds digit of x?
1
Let f = 178 + 15. Suppose h + f = 612. What is the units digit of h?
9
Suppose -4*j - 67915 = -3*i, 23*i - 4*j = 21*i + 45266. What is the ten thousands digit of i?
2
Suppose -34*z + 468 = -38*z. Let r = 195 + z. Suppose 3*f + r = 4*f + a, 0 = f - a - 68. What is the units digit of f?
3
Let m(u) = u**2 - 7*u - 73. Let r be m(14). Suppose 101 = r*o - 399. What is the units digit of o?
0
Suppose 3*r - 2*t = 19501, 0 = -4*r - 5*t + 19788 + 6198. What is the thousands digit of r?
6
Suppose 9936 = 5*r - 8*z + 7*z, -r = 5*z - 1982. What is the thousands digit of r?
1
Let w(k) = 502*k + 622. What is the hundreds digit of w(26)?
6
Let m be 3*-1*132595/(-69) - 5. Suppose 104*d - 114*d + m = 0. What is the hundreds digit of d?
5
Suppose -6595 = -131*x + 126*x. What is the units digit of x?
9
Let v = -4042 - -18225. What is the units digit of v?
3
Suppose 4*o - 64990 = -2*q, -5*o + 59*q = 58*q - 81255. What is the tens digit of o?
5
Let l = 22561 - 2756. What is the ten thousands digit of l?
1
Suppose -17 = -19*q + 21. What is the tens digit of -58*(-2 - 0 - q)?
3
Let h be (-26 - -25)/(1/(-6)). Suppose 15*f = -h*f + 2121. What is the units digit of f?
1
Let x(s) = -8*s - 59. Let d = -118 + 110. Let w be x(d). Suppose 925 = -0*m + w*m. What is the tens digit of m?
8
Let s(h) = 5*h - 31. Let i be s(5). What is the units digit of 15/(225/i)*6770/(-4)?
7
Let u be (-23994)/(-15) - 6/10. Suppose 12*s - 7035 + u = 0. What is the units digit of s?
3
Suppose -391*q + 2596590 = -121*q. What is the units digit of q?
7
Let v = -45 + 49. Suppose 3*b = -z + 12, 0 = -v*z + 6*z - 2*b + 8. Let t(i) = i**3 - i + 177. What is the units digit of t(z)?
7
Suppose -43*w = -38*w - 5*n - 19800, n = -6. What is the thousands digit of w?
3
Suppose -3*i - 6 = 0, i = 5*z + 340 + 708. Let s = z - -73. Let w = -92 - s. What is the units digit of w?
5
Let r = 29853 + -27370. What is the tens digit of r?
8
Let c(f) = -6*f - 18. Suppose 0 = -4*h - 69 + 53. Let q be (-1 - (1 + 6)) + h/(-4). What is the tens digit of c(q)?
2
Let i(h) = -h**3 + 34*h**2 - 21*h - 47. What is the hundreds digit of i(33)?
3
Suppose 0 = 3*y + 2*a - 785 - 131, -3*y + 910 = -a. Suppose -x = -106 - y. What is the units digit of x?
0
Let a = 1001 - 399. Let d = -494 + a. What is the units digit of d?
8
Suppose 36*r - 38*r - 126 = 0. What is the units digit of (-3)/(r/6) - 37400/(-77)?
6
Suppose -41*n + 43*n + h = 9093, 0 = 4*n + h - 18179. What is the thousands digit of n?
4
Suppose 2*n + 0*v + 5*v - 6 = 0, -4*n + v = -12. Suppose 4*t + n - 87 = 0. What is the tens digit of (-1)/(-2)*(477 + t)?
4
Let i = 14490 + -9763. What is the thousands digit of i?
4
Suppose 3*k + 3*t = -9, -3 + 28 = 5*k - 5*t. Suppose 4*x + 3*p = -1, 5 + k = x + 2*p. What is the tens digit of (299 - x)*1/3?
0
Let m(q) = 6*q**2 + 2*q - 12. Let f be ((-5)/(-10))/(3 - 14/4). Let n be f/(-1) - ((-24)/4 + 3). What is the tens digit of m(n)?
9
Suppose 0 = -5*g + 35, 0 = 4*j + 1336*g - 1335*g - 178223. What is the thousands digit of j?
4
Let p(y) = -y**2 - 16*y + 23. Let a be p(-16). Suppose 9*u - 4*u = 3*j - 29, -j + 5*u + a = 0. Suppose -j*x - 10 = -232. What is the tens digit of x?
7
Let z be (4 - (-1 - -5))/(2*1). Let f(u) = 16*u + 260. What is the tens digit of f(z)?
6
Let y(k) = 88*k + 11. Let g(q) = -4*q + 22. Let z be g(5). What is the units digit of y(z)?
7
Let n be 2336/1241 + 2/17. Suppose 28*w = 25*w + 4*d + 800, n*d = -5*w + 1342. What is the units digit of w?
8
Let o = -6042 + 11483. What is the hundreds digit of o?
4
Let t be 18/(-4)*(218 + 36). What is the hundreds digit of 21*t/(-81) + (-4)/(-6)?
2
Suppose 5*c - u + 41 = 0, 2*c = 5*u - 114 + 93. Let r(h) = 125*h + 1. Let x be r(1). What is the tens digit of c/(-6)*x/6?
2
Let p = -3122 + 7621. What is the units digit of p?
9
Let g = 73 + -16. Let f(p) = 2 + 3*p + 2*p - 4*p + g*p**2. What is the units digit of f(-1)?
8
Let m(t) = 2*t**3 - 7*t**2 + 3*t. Let g be m(5). Let d(a) = a - 25. Let w be d(4). Let s = w + g. What is the tens digit of s?
6
Let t(r) = 47*r + 4554. What is the hundreds digit of t(108)?
6
Let f(b) = 10*b + 34. Let v be f(-3). Let a(s) = -s**3 + 7*s**2 - 3*s + 6. What is the tens digit of a(v)?
4
Suppose -3770 = -6*n + 6376. Let f = n + -1014. What is the tens digit of f?
7
Let v be (-1864)/4*(3 + -3 - 5). Suppose 0 = -2*x + 4*x - 4*g - v, -5843 = -5*x + 4*g. What is the units digit of x?
1
Let p(r) = r**2 - 9*r + 27. Let b be -6 + (-85)/(-15) + 38/6. Let a be p(b). What is the units digit of (-4)/3 - (-1200)/a?
2
Suppose 8 = u - 3*q, 5*q = 3*u - 8 - 4. Let z(g) = -954*g + 2. What is the tens digit of z(u)?
5
Let s = 145224 + -84449. What is the units digit of s?
5
Suppose -9*m + 11*m - 5*x - 6611 = 0, -3*m - 5*x + 9854 = 0. What is the tens digit of m?
9
Let v be -113 - 4/20*0. Let o = v + -52. What is the units digit of (o/(-44))/(3/44)?
5
Let q be 6*(-3)/6 - -3. Suppose -4*a + 1544 = -2*h - 584, 5*a - 2*h - 2658 = q. What is the units digit of a?
0
Suppose 4*s = -5*p + 7774 + 7510, 0 = 4*p + s - 12236. What is the hundreds digit of p?
0
Suppose 17*d - 21*d + 4 = 0. Let i be ((-1808)/64)/(d/(-4)). Let v = i + 79. What is the hundreds digit of v?
1
Let m(p) = -p**3 + 55*p**2 + 68*p + 65. What is the tens digit of m(55)?
0
Let r be (-2 + 0 + 8)*8/24. Suppose -378 = -r*v + 842. What is the tens digit of v?
1
Let n be (-79770)/150 + (-6)/5. Let c = 1106 + n. What is the tens digit of c?
7
Let d be -45 - (-1)/2*12. What is the units digit of (d/(-26) - 2)/((-1)/904)?
2
Suppose 0 = -4*c - 21 - 15. Let w(k) = 139*k + 3793. Let a be w(-27). What is the tens digit of c/4*a/(-3)?
3
Suppose -7*x + 96694 = -160794. What is the thousands digit of x?
6
Suppose -z - 2*j = -4*j - 5110, 6*z - 30700 = 2*j. What is the hundreds digit of z?
1
Suppose -2*r + 2*n = 12, 5*r = r - 2*n + 6. What is the tens digit of (r - 144/(-9))*3?
4
Suppose 0 = -5*c + 2*m + 6, -3*c + m = -1 - 2. Suppose -l + 69 + 53 = c. What is the tens digit of l?
2
Suppose -76*g - 64*g + 278289 = -41*g. What is the hundreds digit of g?
8
Suppose -4*j - 4 = -12. Let b = 320 - 133. Suppose 3*u + 0*q = j*q + b, 3*u - 175 = 5*q. What is the tens digit of u?
6
Let g = 118 + 190. Let b = g - -293. Suppose 10*v = b + 439. What is the tens digit of v?
0
Suppose 16*q + 2335 = 17*q - 12094. What is the thousands digit of q?
4
Suppose -w - w + 2*t + 596 = 0, -w + 306 = -3*t. Suppose -7*a = -4*a + w. Let s = -83 - a. What is the tens digit of s?
1
Let i(c) = -c**3 + c**2 + 7*c - 4. Let o be i(3). Let n be 3 + o - (1 - 0 - 179). Let d = -56 + n. What is the hundreds digit of d?
1
Let w = 199 + -117. Let y = 26 + w. What is the tens digit of y?
0
Suppose -q + p = -2*q - 4, -5*q + 2*p = 6. Let u = 0 - q. Suppose 0 = f + u*f - 171. What is the units digit of f?
7
Let t = -528 - -1350. What is the hundreds digit of t*17/((-204)/(-8))?
5
Suppose 25*i = -0*i + 650. Let g = i + 244. What is the units digit of g?
0
Suppose 5*b - 2*b - 4137 = 0. Suppose -8*x - 43 = -b. Suppose 3*o = x + 55. What is the tens digit of o?
7
Suppose 3*s - 18*s = -3675. Let t = s + -219. What is the units digit of t?
6
Suppose 8*a - 15 - 1